 when 181377 is divided by 10668?
21
Calculate the remainder when 25141 is divided by 313.
101
Calculate the remainder when 1395157 is divided by 60659.
0
Calculate the remainder when 39604 is divided by 4397.
31
Calculate the remainder when 112571 is divided by 647.
640
What is the remainder when 42227 is divided by 67?
17
Calculate the remainder when 38734 is divided by 167.
157
What is the remainder when 1974 is divided by 262?
140
What is the remainder when 31871 is divided by 128?
127
What is the remainder when 23934 is divided by 763?
281
What is the remainder when 774397 is divided by 50?
47
What is the remainder when 30120 is divided by 5019?
6
Calculate the remainder when 3142 is divided by 2829.
313
What is the remainder when 209657 is divided by 12?
5
Calculate the remainder when 49386 is divided by 12345.
6
Calculate the remainder when 9247 is divided by 114.
13
What is the remainder when 19410 is divided by 83?
71
What is the remainder when 16660622 is divided by 1525?
1522
What is the remainder when 421 is divided by 200?
21
Calculate the remainder when 630473 is divided by 354.
353
Calculate the remainder when 923 is divided by 226.
19
What is the remainder when 6748 is divided by 325?
248
What is the remainder when 28138 is divided by 41?
12
Calculate the remainder when 138154 is divided by 27.
22
What is the remainder when 226835 is divided by 56708?
3
Calculate the remainder when 65849 is divided by 9398.
63
What is the remainder when 4880 is divided by 318?
110
What is the remainder when 437310 is divided by 162?
72
Calculate the remainder when 11788 is divided by 1142.
368
Calculate the remainder when 1222 is divided by 245.
242
Calculate the remainder when 158686 is divided by 79321.
44
Calculate the remainder when 4979 is divided by 1963.
1053
What is the remainder when 605 is divided by 131?
81
What is the remainder when 21843 is divided by 445?
38
What is the remainder when 8197 is divided by 3443?
1311
What is the remainder when 3598 is divided by 11?
1
Calculate the remainder when 54273 is divided by 54259.
14
Calculate the remainder when 11854 is divided by 71.
68
Calculate the remainder when 82344 is divided by 418.
416
What is the remainder when 326328 is divided by 326268?
60
What is the remainder when 56463 is divided by 896?
15
Calculate the remainder when 1139 is divided by 232.
211
What is the remainder when 23387 is divided by 734?
633
Calculate the remainder when 23819 is divided by 12.
11
What is the remainder when 821 is divided by 21?
2
What is the remainder when 748 is divided by 420?
328
What is the remainder when 90254 is divided by 218?
2
What is the remainder when 337389 is divided by 99?
96
What is the remainder when 771 is divided by 97?
92
What is the remainder when 8877 is divided by 296?
293
Calculate the remainder when 3504 is divided by 90.
84
Calculate the remainder when 35197 is divided by 11.
8
Calculate the remainder when 3845 is divided by 37.
34
Calculate the remainder when 3396 is divided by 464.
148
What is the remainder when 55416 is divided by 238?
200
Calculate the remainder when 3531 is divided by 1042.
405
What is the remainder when 418495 is divided by 104621?
11
Calculate the remainder when 238633 is divided by 484.
21
What is the remainder when 287271 is divided by 174?
171
Calculate the remainder when 1958 is divided by 426.
254
What is the remainder when 30603 is divided by 204?
3
What is the remainder when 1596960 is divided by 34?
14
What is the remainder when 6488 is divided by 325?
313
What is the remainder when 6170 is divided by 195?
125
What is the remainder when 1084 is divided by 473?
138
Calculate the remainder when 2343 is divided by 219.
153
What is the remainder when 22433 is divided by 79?
76
What is the remainder when 90504 is divided by 30?
24
Calculate the remainder when 13872 is divided by 319.
155
What is the remainder when 299375 is divided by 567?
566
What is the remainder when 6706 is divided by 28?
14
What is the remainder when 9485 is divided by 179?
177
What is the remainder when 1534 is divided by 743?
48
Calculate the remainder when 67760 is divided by 106.
26
What is the remainder when 11459 is divided by 255?
239
Calculate the remainder when 706511 is divided by 656.
655
What is the remainder when 68575 is divided by 4568?
55
Calculate the remainder when 26760 is divided by 532.
160
What is the remainder when 24354 is divided by 413?
400
Calculate the remainder when 36031 is divided by 2134.
1887
What is the remainder when 12398 is divided by 25?
23
Calculate the remainder when 11790 is divided by 328.
310
Calculate the remainder when 9531 is divided by 9302.
229
What is the remainder when 216380 is divided by 16?
12
Calculate the remainder when 53721 is divided by 444.
441
What is the remainder when 1093 is divided by 812?
281
What is the remainder when 94571 is divided by 111?
110
What is the remainder when 1304223 is divided by 16?
15
Calculate the remainder when 4876 is divided by 132.
124
Calculate the remainder when 6862 is divided by 11.
9
What is the remainder when 36351 is divided by 9080?
31
Calculate the remainder when 39111 is divided by 68.
11
What is the remainder when 27836 is divided by 1108?
136
Calculate the remainder when 9729 is divided by 2981.
786
What is the remainder when 277445 is divided by 1632?
5
Calculate the remainder when 97484 is divided by 12184.
12
Calculate the remainder when 58380 is divided by 58377.
3
What is the remainder when 6204 is divided by 686?
30
Calculate the remainder when 4760 is divided by 23.
22
What is the remainder when 12696 is divided by 87?
81
Calculate the remainder when 41930 is divided by 20965.
0
Calculate the remainder when 8257 is divided by 233.
102
Calculate the remainder when 41644 is divided by 341.
42
Calculate the remainder when 21625 is divided by 1662.
19
What is the remainder when 68631 is divided by 246?
243
What is the remainder when 6908 is divided by 247?
239
What is the remainder when 87944 is divided by 22?
10
What is the remainder when 90312 is divided by 993?
942
Calculate the remainder when 112363 is divided by 59.
27
What is the remainder when 5813 is divided by 224?
213
What is the remainder when 1103 is divided by 95?
58
Calculate the remainder when 12988 is divided by 4329.
1
Calculate the remainder when 5204 is divided by 151.
70
What is the remainder when 105838 is divided by 24?
22
Calculate the remainder when 222915 is divided by 165.
0
Calculate the remainder when 264 is divided by 235.
29
Calculate the remainder when 105824 is divided by 17.
16
Calculate the remainder when 15013 is divided by 429.
427
Calculate the remainder when 115164 is divided by 28770.
84
Calculate the remainder when 3166 is divided by 176.
174
What is the remainder when 4942 is divided by 1228?
30
Calculate the remainder when 601449 is divided by 115.
114
Calculate the remainder when 3884 is divided by 214.
32
What is the remainder when 41692 is divided by 10419?
16
What is the remainder when 41909 is divided by 229?
2
What is the remainder when 36941 is divided by 231?
212
What is the remainder when 38289 is divided by 12433?
990
What is the remainder when 56036 is divided by 739?
611
What is the remainder when 29613 is divided by 3700?
13
What is the remainder when 5079 is divided by 843?
21
Calculate the remainder when 3442 is divided by 1132.
46
What is the remainder when 321788 is divided by 7?
5
What is the remainder when 6330 is divided by 200?
130
Calculate the remainder when 51440 is divided by 17129.
53
Calculate the remainder when 659 is divided by 106.
23
Calculate the remainder when 5950 is divided by 1939.
133
What is the remainder when 139195 is divided by 21?
7
What is the remainder when 859817 is divided by 776?
9
What is the remainder when 9015 is divided by 501?
498
Calculate the remainder when 159027 is divided by 235.
167
Calculate the remainder when 428642 is divided by 3.
2
What is the remainder when 92494 is divided by 65?
64
What is the remainder when 4903 is divided by 1044?
727
What is the remainder when 11169 is divided by 151?
146
Calculate the remainder when 2658 is divided by 245.
208
Calculate the remainder when 1823 is divided by 887.
49
Calculate t